{"id":44,"date":"2019-10-07T09:11:25","date_gmt":"2019-10-07T09:11:25","guid":{"rendered":"http:\/\/dorotheeschabert.de\/?page_id=44"},"modified":"2023-11-30T12:25:57","modified_gmt":"2023-11-30T12:25:57","slug":"klangwerke","status":"publish","type":"page","link":"https:\/\/dorotheeschabert.de\/?page_id=44","title":{"rendered":"klangwerke"},"content":{"rendered":"\n<figure class=\"wp-block-image size-large is-resized\"><img loading=\"lazy\" decoding=\"async\" width=\"1024\" height=\"768\" src=\"https:\/\/dorotheeschabert.de\/wp-content\/uploads\/2020\/05\/klangwerke-1-1024x768.jpg\" alt=\"\" class=\"wp-image-366\" style=\"width:448px;height:335px\" srcset=\"https:\/\/dorotheeschabert.de\/wp-content\/uploads\/2020\/05\/klangwerke-1-1024x768.jpg 1024w, https:\/\/dorotheeschabert.de\/wp-content\/uploads\/2020\/05\/klangwerke-1-300x225.jpg 300w, https:\/\/dorotheeschabert.de\/wp-content\/uploads\/2020\/05\/klangwerke-1-768x576.jpg 768w, https:\/\/dorotheeschabert.de\/wp-content\/uploads\/2020\/05\/klangwerke-1-1536x1152.jpg 1536w, https:\/\/dorotheeschabert.de\/wp-content\/uploads\/2020\/05\/klangwerke-1-1200x900.jpg 1200w, https:\/\/dorotheeschabert.de\/wp-content\/uploads\/2020\/05\/klangwerke-1.jpg 2000w\" sizes=\"auto, (max-width: 709px) 85vw, (max-width: 909px) 67vw, (max-width: 1362px) 62vw, 840px\" \/><figcaption class=\"wp-element-caption\">foto: robert m\u00fcller<\/figcaption><\/figure>\n\n\n\n<p>KlangWerke sind eine Fortentwicklung meiner KlangInstallationen. <br> Ich verwende nat\u00fcrliche Kl\u00e4nge, wie sie in Jedermanns Umwelt vorkommen: die Ger\u00e4usche von fliessendem und tropfendem Wasser, zersplitterndem Glas; Verkehr, Maschinen, Arbeitsger\u00e4usche; Vogelrufe, menschliche Stimmen, Sprache und Sprachlaute; Instrumentalkl\u00e4nge etc. <br> Diese Kl\u00e4nge nehme ich in der Regel selber auf, damit sie den klanglichen und technischen Anforderungen meiner Bearbeitung gen\u00fcgen.<br> Die so gewonnenen Kl\u00e4nge sind analoge Kl\u00e4nge aus unsrer &#8211; mehr oder weniger &#8211; gewohnten, allt\u00e4glichen  Umgebung. Ihre Bearbeitung geschieht digital. <br> So entstehen &#8211; mit den Mitteln digitaler Software &#8211; KlangKompositionen aus bekannten, bearbeiteten, verfremdeten Kl\u00e4ngen, die Bekanntes in neuem Licht zeigen und oftmals Gegens\u00e4tzliches zusammenf\u00fchren. <\/p>\n\n\n<div class=\"wp-block-image is-style-default\">\n<figure class=\"alignright size-large is-resized\"><img loading=\"lazy\" decoding=\"async\" width=\"1024\" height=\"781\" src=\"https:\/\/dorotheeschabert.de\/wp-content\/uploads\/2019\/11\/977D69F0-EE73-4AF9-AE52-330BC5E3A787-1024x781.png\" alt=\"\" class=\"wp-image-136\" style=\"width:419px;height:319px\" srcset=\"https:\/\/dorotheeschabert.de\/wp-content\/uploads\/2019\/11\/977D69F0-EE73-4AF9-AE52-330BC5E3A787-1024x781.png 1024w, https:\/\/dorotheeschabert.de\/wp-content\/uploads\/2019\/11\/977D69F0-EE73-4AF9-AE52-330BC5E3A787-300x229.png 300w, https:\/\/dorotheeschabert.de\/wp-content\/uploads\/2019\/11\/977D69F0-EE73-4AF9-AE52-330BC5E3A787-768x586.png 768w, https:\/\/dorotheeschabert.de\/wp-content\/uploads\/2019\/11\/977D69F0-EE73-4AF9-AE52-330BC5E3A787-1200x916.png 1200w, https:\/\/dorotheeschabert.de\/wp-content\/uploads\/2019\/11\/977D69F0-EE73-4AF9-AE52-330BC5E3A787.png 1258w\" sizes=\"auto, (max-width: 709px) 85vw, (max-width: 909px) 67vw, (max-width: 1362px) 62vw, 840px\" \/><figcaption class=\"wp-element-caption\">bildschirm snapshot, dorothee schabert<\/figcaption><\/figure>\n<\/div>\n\n\n<p><\/p>\n\n\n\n<ul class=\"wp-block-list\">\n<li>La Boule<\/li>\n\n\n\n<li>Vom Sterben eines Apfelbaums <\/li>\n\n\n\n<li>Aquae Aquarum<\/li>\n\n\n\n<li>Bitten warten Sie!<\/li>\n\n\n\n<li>BostonBahn<\/li>\n\n\n\n<li>Das irdische Leben<\/li>\n\n\n\n<li>Ein Halbmond steht<\/li>\n\n\n\n<li> ERDE<\/li>\n\n\n\n<li>gendert\u00e4nzchen<\/li>\n\n\n\n<li>Gl\u00e4ut zu Auhausen<\/li>\n\n\n\n<li>Glasgewitter<\/li>\n\n\n\n<li>Le Rouge et le Noir (nach einem Bild von Paul Klee)<\/li>\n\n\n\n<li>Kl\u00e4rung (nach einem Bild von Paul Klee)<\/li>\n\n\n\n<li>Lumina &#8211; Anima<\/li>\n\n\n\n<li>Natura viva<\/li>\n\n\n\n<li>W.U.T.<\/li>\n\n\n\n<li>Friedrich Cerha, Spiegel VII <em>&#8211; im ZKM-Klangdom mit seinem 40-kanaligen Lautsprecherorchester sorgt &#8230; die Einrichtung von \u00bbSpiegel VII\u00ab f\u00fcr den Klangdom von Dorothee Schabert und Wolfgang Rein aus dem Werk \u00bbSpiegel\u00ab von Friedrich Cerha, f\u00fcr einzigartige Raumklangerlebnisse.<\/em><\/li>\n<\/ul>\n\n\n\n<p>siehe soundcloud.com\/dorotheeschabert<\/p>\n","protected":false},"excerpt":{"rendered":"<p>KlangWerke sind eine Fortentwicklung meiner KlangInstallationen. Ich verwende nat\u00fcrliche Kl\u00e4nge, wie sie in Jedermanns Umwelt vorkommen: die Ger\u00e4usche von fliessendem und tropfendem Wasser, zersplitterndem Glas; Verkehr, Maschinen, Arbeitsger\u00e4usche; Vogelrufe, menschliche Stimmen, Sprache und Sprachlaute; Instrumentalkl\u00e4nge etc. Diese Kl\u00e4nge nehme ich in der Regel selber auf, damit sie den klanglichen und technischen Anforderungen meiner Bearbeitung gen\u00fcgen. &hellip; <a href=\"https:\/\/dorotheeschabert.de\/?page_id=44\" class=\"more-link\"><span class=\"screen-reader-text\">\u201eklangwerke\u201c <\/span>weiterlesen<\/a><\/p>\n","protected":false},"author":1,"featured_media":0,"parent":0,"menu_order":0,"comment_status":"closed","ping_status":"closed","template":"","meta":{"footnotes":""},"class_list":["post-44","page","type-page","status-publish","hentry"],"_links":{"self":[{"href":"https:\/\/dorotheeschabert.de\/index.php?rest_route=\/wp\/v2\/pages\/44","targetHints":{"allow":["GET"]}}],"collection":[{"href":"https:\/\/dorotheeschabert.de\/index.php?rest_route=\/wp\/v2\/pages"}],"about":[{"href":"https:\/\/dorotheeschabert.de\/index.php?rest_route=\/wp\/v2\/types\/page"}],"author":[{"embeddable":true,"href":"https:\/\/dorotheeschabert.de\/index.php?rest_route=\/wp\/v2\/users\/1"}],"replies":[{"embeddable":true,"href":"https:\/\/dorotheeschabert.de\/index.php?rest_route=%2Fwp%2Fv2%2Fcomments&post=44"}],"version-history":[{"count":19,"href":"https:\/\/dorotheeschabert.de\/index.php?rest_route=\/wp\/v2\/pages\/44\/revisions"}],"predecessor-version":[{"id":668,"href":"https:\/\/dorotheeschabert.de\/index.php?rest_route=\/wp\/v2\/pages\/44\/revisions\/668"}],"wp:attachment":[{"href":"https:\/\/dorotheeschabert.de\/index.php?rest_route=%2Fwp%2Fv2%2Fmedia&parent=44"}],"curies":[{"name":"wp","href":"https:\/\/api.w.org\/{rel}","templated":true}]}}