{"id":41,"date":"2019-10-07T09:11:28","date_gmt":"2019-10-07T09:11:28","guid":{"rendered":"http:\/\/dorotheeschabert.de\/?page_id=41"},"modified":"2021-06-14T16:09:51","modified_gmt":"2021-06-14T16:09:51","slug":"hoerlandschaften","status":"publish","type":"page","link":"https:\/\/dorotheeschabert.de\/?page_id=41","title":{"rendered":"h\u00f6rlandschaften"},"content":{"rendered":"\n<div class=\"wp-block-image is-style-circle-mask\"><figure class=\"aligncenter size-medium\"><img loading=\"lazy\" decoding=\"async\" width=\"225\" height=\"300\" src=\"https:\/\/dorotheeschabert.de\/wp-content\/uploads\/2019\/11\/CB1730CE-FA29-42E3-B145-D82A7696F51E-225x300.jpg\" alt=\"\" class=\"wp-image-145\" srcset=\"https:\/\/dorotheeschabert.de\/wp-content\/uploads\/2019\/11\/CB1730CE-FA29-42E3-B145-D82A7696F51E-225x300.jpg 225w, https:\/\/dorotheeschabert.de\/wp-content\/uploads\/2019\/11\/CB1730CE-FA29-42E3-B145-D82A7696F51E-768x1024.jpg 768w, https:\/\/dorotheeschabert.de\/wp-content\/uploads\/2019\/11\/CB1730CE-FA29-42E3-B145-D82A7696F51E-1152x1536.jpg 1152w, https:\/\/dorotheeschabert.de\/wp-content\/uploads\/2019\/11\/CB1730CE-FA29-42E3-B145-D82A7696F51E-1536x2048.jpg 1536w, https:\/\/dorotheeschabert.de\/wp-content\/uploads\/2019\/11\/CB1730CE-FA29-42E3-B145-D82A7696F51E-1200x1600.jpg 1200w, https:\/\/dorotheeschabert.de\/wp-content\/uploads\/2019\/11\/CB1730CE-FA29-42E3-B145-D82A7696F51E-scaled.jpg 1920w\" sizes=\"auto, (max-width: 225px) 85vw, 225px\" \/><figcaption><em>\u2026 und sie gibt ihm ihrer Seele Sinn \u2026 <\/em><br><br>(aus: Bildnis von Rainer Maria Rilke)<\/figcaption><\/figure><\/div>\n\n\n<h4>Konzeption<\/h4>\n<p>Landschaft, so hat das der Philosoph und Soziologe Georg Simmel schon vor 100 Jahren erkl\u00e4rt, ist eine Leistung unserer Wahrnehmung und unseres Bewusstseins. Dem endlosen Zusammenhang der Natur entnehmen wir einen Ausschnitt, umrei\u00dfen und begrenzen ihn nach unserem Gesichtskreis und schaffen aus dem von uns willk\u00fcrlich Begrenzten und seinen ebenso begrenzten Bestandteilen ein neues Ganzes, eine neue Einheit, dem wir einen eigenen Sinn, unseren Sinn zuweisen.<\/p>\n<p>Wir sagen: eine Landschaft habe eine Stimmung &#8211; und verweisen damit genau auf &#8222;den eigent\u00fcmlichen geistigen Prozess, der aus alledem erst die Landschaft erzeugt&#8220; (G. Simmel). Wir schauen in die Gegend, genie\u00dfen den Anblick gr\u00fcner Wiesen, milder H\u00fcgel, schroffer Berge &#8211; und blenden aus, was uns &#8222;nicht ins Bild passt&#8220;: den Fabrikschlot rechts etwa oder die verkehrsreiche Stra\u00dfe drunter. Was wir als Landschaft bezeichnen, ist also das Ergebnis des Prozesses unsres Wahrnehmens, unsrer Stimmung wie unsrer Imagination.<\/p>\n\n\n<figure class=\"wp-block-audio\"><audio controls src=\"https:\/\/dorotheeschabert.de\/wp-content\/uploads\/2021\/06\/Saggat-HoerLandschaften-II.mp3\"><\/audio><figcaption>&#8222;Saggat&#8220; f\u00fcr Holzbl\u00e4ser-Sextett<\/figcaption><\/figure>\n\n\n\n<p>Ins Kreative gewendet, assoziativ umgesetzt gipfelt dieser Prozess im Kunstwerk. Und zwar in allen Kunstgattungen. Als Landschaftsmalerei und Fotografie, als literarische Landschaftsschilderung, in Gedichtform, oder eben musikalisch als Komposition, als <em>H\u00f6rLandschaft<\/em>.<br>H\u00f6rlandschaft kann bedeuten, eine Landschaft musikalisch zu schildern und nachzubilden. Oder einer Landschaft Kl\u00e4nge abzulauschen und daraus eine eigene H\u00f6rLandschaft zu komponieren. Und nat\u00fcrlich: sich h\u00f6rend aus Musik eine Landschaft zu imaginieren. (H\u00f6rlandschaften I &#8222;La Vall\u00e9e des Mandailles&#8220; und II &#8222;Saggat&#8220;, sowie &#8222;Nachklang I und II&#8220;)<\/p>\n\n\n\n<p>Solche thematisch bezogenen Kompositionen ergeben ein sinnvolles Konzertprogramm und lassen sich mit Kunstwerken anderer Kunstgattungen, wie Fotos, Bildern, Texten, Essays in begleitenden Lesungen, Vortr\u00e4gen und Ausstellungen zu breiteren Kunst-Ereignissen formen. <\/p>\n\n\n\n<figure class=\"wp-block-audio\"><audio controls src=\"https:\/\/dorotheeschabert.de\/wp-content\/uploads\/2021\/06\/La-Vallee-des-Mandailles-HoerLandschaften-I.mp3\"><\/audio><figcaption>&#8222;La Vall\u00e9e des Mandailles&#8220; f\u00fcr vier Holzbl\u00e4ser und Schlagzeug<\/figcaption><\/figure>\n\n\n\n<p><\/p>\n","protected":false},"excerpt":{"rendered":"<p>Konzeption Landschaft, so hat das der Philosoph und Soziologe Georg Simmel schon vor 100 Jahren erkl\u00e4rt, ist eine Leistung unserer Wahrnehmung und unseres Bewusstseins. Dem endlosen Zusammenhang der Natur entnehmen wir einen Ausschnitt, umrei\u00dfen und begrenzen ihn nach unserem Gesichtskreis und schaffen aus dem von uns willk\u00fcrlich Begrenzten und seinen ebenso begrenzten Bestandteilen ein neues &hellip; <a href=\"https:\/\/dorotheeschabert.de\/?page_id=41\" class=\"more-link\"><span class=\"screen-reader-text\">\u201eh\u00f6rlandschaften\u201c <\/span>weiterlesen<\/a><\/p>\n","protected":false},"author":1,"featured_media":0,"parent":0,"menu_order":0,"comment_status":"closed","ping_status":"closed","template":"","meta":{"footnotes":""},"class_list":["post-41","page","type-page","status-publish","hentry"],"_links":{"self":[{"href":"https:\/\/dorotheeschabert.de\/index.php?rest_route=\/wp\/v2\/pages\/41","targetHints":{"allow":["GET"]}}],"collection":[{"href":"https:\/\/dorotheeschabert.de\/index.php?rest_route=\/wp\/v2\/pages"}],"about":[{"href":"https:\/\/dorotheeschabert.de\/index.php?rest_route=\/wp\/v2\/types\/page"}],"author":[{"embeddable":true,"href":"https:\/\/dorotheeschabert.de\/index.php?rest_route=\/wp\/v2\/users\/1"}],"replies":[{"embeddable":true,"href":"https:\/\/dorotheeschabert.de\/index.php?rest_route=%2Fwp%2Fv2%2Fcomments&post=41"}],"version-history":[{"count":14,"href":"https:\/\/dorotheeschabert.de\/index.php?rest_route=\/wp\/v2\/pages\/41\/revisions"}],"predecessor-version":[{"id":533,"href":"https:\/\/dorotheeschabert.de\/index.php?rest_route=\/wp\/v2\/pages\/41\/revisions\/533"}],"wp:attachment":[{"href":"https:\/\/dorotheeschabert.de\/index.php?rest_route=%2Fwp%2Fv2%2Fmedia&parent=41"}],"curies":[{"name":"wp","href":"https:\/\/api.w.org\/{rel}","templated":true}]}}

hörlandschaften

<div class="wp-block-image is-style-circle-mask"><figure class="aligncenter size-medium"><img loading="lazy" decoding="async" width="225" height="300" src="https://dorotheeschabert.de/wp-content/uploads/2019/11/CB1730CE-FA29-42E3-B145-D82A7696F51E-225x300.jpg" alt="" class="wp-image-145" srcset="https://dorotheeschabert.de/wp-content/uploads/2019/11/CB1730CE-FA29-42E3-B145-D82A7696F51E-225x300.jpg 225w, https://dorotheeschabert.de/wp-content/uploads/2019/11/CB1730CE-FA29-42E3-B145-D82A7696F51E-768x1024.jpg 768w, https://dorotheeschabert.de/wp-content/uploads/2019/11/CB1730CE-FA29-42E3-B145-D82A7696F51E-1152x1536.jpg 1152w, https://dorotheeschabert.de/wp-content/uploads/2019/11/CB1730CE-FA29-42E3-B145-D82A7696F51E-1536x2048.jpg 1536w, https://dorotheeschabert.de/wp-content/uploads/2019/11/CB1730CE-FA29-42E3-B145-D82A7696F51E-1200x1600.jpg 1200w, https://dorotheeschabert.de/wp-content/uploads/2019/11/CB1730CE-FA29-42E3-B145-D82A7696F51E-scaled.jpg 1920w" sizes="auto, (max-width: 225px) 85vw, 225px" /><figcaption><em>… und sie gibt ihm ihrer Seele Sinn … </em><br><br>(aus: Bildnis von Rainer Maria Rilke)</figcaption></figure></div>


<h4>Konzeption</h4>
<p>Landschaft, so hat das der Philosoph und Soziologe Georg Simmel schon vor 100 Jahren erklärt, ist eine Leistung unserer Wahrnehmung und unseres Bewusstseins. Dem endlosen Zusammenhang der Natur entnehmen wir einen Ausschnitt, umreißen und begrenzen ihn nach unserem Gesichtskreis und schaffen aus dem von uns willkürlich Begrenzten und seinen ebenso begrenzten Bestandteilen ein neues Ganzes, eine neue Einheit, dem wir einen eigenen Sinn, unseren Sinn zuweisen.</p>
<p>Wir sagen: eine Landschaft habe eine Stimmung &#8211; und verweisen damit genau auf &#8222;den eigentümlichen geistigen Prozess, der aus alledem erst die Landschaft erzeugt&#8220; (G. Simmel). Wir schauen in die Gegend, genießen den Anblick grüner Wiesen, milder Hügel, schroffer Berge &#8211; und blenden aus, was uns &#8222;nicht ins Bild passt&#8220;: den Fabrikschlot rechts etwa oder die verkehrsreiche Straße drunter. Was wir als Landschaft bezeichnen, ist also das Ergebnis des Prozesses unsres Wahrnehmens, unsrer Stimmung wie unsrer Imagination.</p>


<figure class="wp-block-audio"><audio controls src="https://dorotheeschabert.de/wp-content/uploads/2021/06/Saggat-HoerLandschaften-II.mp3"></audio><figcaption>&#8222;Saggat&#8220; für Holzbläser-Sextett</figcaption></figure>



<p>Ins Kreative gewendet, assoziativ umgesetzt gipfelt dieser Prozess im Kunstwerk. Und zwar in allen Kunstgattungen. Als Landschaftsmalerei und Fotografie, als literarische Landschaftsschilderung, in Gedichtform, oder eben musikalisch als Komposition, als <em>HörLandschaft</em>.<br>Hörlandschaft kann bedeuten, eine Landschaft musikalisch zu schildern und nachzubilden. Oder einer Landschaft Klänge abzulauschen und daraus eine eigene HörLandschaft zu komponieren. Und natürlich: sich hörend aus Musik eine Landschaft zu imaginieren. (Hörlandschaften I &#8222;La Vallée des Mandailles&#8220; und II &#8222;Saggat&#8220;, sowie &#8222;Nachklang I und II&#8220;)</p>



<p>Solche thematisch bezogenen Kompositionen ergeben ein sinnvolles Konzertprogramm und lassen sich mit Kunstwerken anderer Kunstgattungen, wie Fotos, Bildern, Texten, Essays in begleitenden Lesungen, Vorträgen und Ausstellungen zu breiteren Kunst-Ereignissen formen. </p>



<figure class="wp-block-audio"><audio controls src="https://dorotheeschabert.de/wp-content/uploads/2021/06/La-Vallee-des-Mandailles-HoerLandschaften-I.mp3"></audio><figcaption>&#8222;La Vallée des Mandailles&#8220; für vier Holzbläser und Schlagzeug</figcaption></figure>



<p></p>

<p>Konzeption Landschaft, so hat das der Philosoph und Soziologe Georg Simmel schon vor 100 Jahren erklärt, ist eine Leistung unserer Wahrnehmung und unseres Bewusstseins. Dem endlosen Zusammenhang der Natur entnehmen wir einen Ausschnitt, umreißen und begrenzen ihn nach unserem Gesichtskreis und schaffen aus dem von uns willkürlich Begrenzten und seinen ebenso begrenzten Bestandteilen ein neues &hellip; <a href="https://dorotheeschabert.de/?page_id=41" class="more-link"><span class="screen-reader-text">„hörlandschaften“ </span>weiterlesen</a></p>
