{"id":29,"date":"2019-10-07T07:23:39","date_gmt":"2019-10-07T07:23:39","guid":{"rendered":"http:\/\/dorotheeschabert.de\/?page_id=29"},"modified":"2026-02-04T16:44:08","modified_gmt":"2026-02-04T16:44:08","slug":"biografie","status":"publish","type":"page","link":"https:\/\/dorotheeschabert.de\/?page_id=29","title":{"rendered":"biografie"},"content":{"rendered":"<pre><img loading=\"lazy\" decoding=\"async\" class=\"alignnone size-medium wp-image-706\" src=\"https:\/\/dorotheeschabert.de\/wp-content\/uploads\/2024\/11\/20241108_377_Salon_Pour_LAir-300x300.jpg\" alt=\"\" width=\"300\" height=\"300\" srcset=\"https:\/\/dorotheeschabert.de\/wp-content\/uploads\/2024\/11\/20241108_377_Salon_Pour_LAir-300x300.jpg 300w, https:\/\/dorotheeschabert.de\/wp-content\/uploads\/2024\/11\/20241108_377_Salon_Pour_LAir-1024x1024.jpg 1024w, https:\/\/dorotheeschabert.de\/wp-content\/uploads\/2024\/11\/20241108_377_Salon_Pour_LAir-150x150.jpg 150w, https:\/\/dorotheeschabert.de\/wp-content\/uploads\/2024\/11\/20241108_377_Salon_Pour_LAir-768x768.jpg 768w, https:\/\/dorotheeschabert.de\/wp-content\/uploads\/2024\/11\/20241108_377_Salon_Pour_LAir-1536x1536.jpg 1536w, https:\/\/dorotheeschabert.de\/wp-content\/uploads\/2024\/11\/20241108_377_Salon_Pour_LAir-2048x2048.jpg 2048w, https:\/\/dorotheeschabert.de\/wp-content\/uploads\/2024\/11\/20241108_377_Salon_Pour_LAir-1200x1200.jpg 1200w\" sizes=\"auto, (max-width: 300px) 85vw, 300px\" \/><br \/>Foto: Bernd Hentschel<\/pre>\n<h4>F\u00f6rderungen<\/h4>\n<p>2027 Residenz Skagastr\u00f6nd, Island<\/p>\n<p>Okt. 2026 Kunsthaus Stove<\/p>\n<p>2025 Residenz Kunststiftung Schlo\u00df Wiepersdorf<\/p>\n<p>2025 Mai Arbeitsaufenthalt MaxHaus Nordhalben<\/p>\n<p>2024 April Arbeitsaufenthalt MaxHaus Nordhalben<\/p>\n<p>2020 <a href=\"https:\/\/www.villamassimo.de\/de\/stipendiaten\/dorothee-schabert\">Stipendiatin Dt. Akademie Villa Massimo<\/a>, Casa Baldi Olevano<\/p>\n<p>2019 <a href=\"http:\/\/lux19-frauenarbeit.de\/?page_id=136\">K\u00fcnstlerin LUX19: Frauenarbeit<\/a>, Leipzig<\/p>\n<p>2004 Arbeitswoche im Experimentalstudio des SWR, Freiburg<\/p>\n<h4>Kompositionsauftr\u00e4ge UND aUFF\u00dcHRUNGEN<\/h4>\n<p>2025 &#8222;AugenZauber&#8220; Ensemble Svolian Freiburg &#8211; UA 8.2.2026<\/p>\n<p>2025 &#8222;Toccata trasformata&#8220; f\u00fcr Cimbalon solo &#8211; UA 31.12.2025<\/p>\n<p>2025 &#8222;Sequenza mischiarata&#8220; Ensemble Mixtura, Hannover &#8211; UA 7.11.2025<\/p>\n<p>2025\u00a0 &#8222;Chiaroscuro&#8220; Ensemble Nomos, Paris &#8211; UA 12.7.2025<\/p>\n<p>2024 Produktion &#8222;Nachklang I und II&#8220; &#8211; mit Musiker:innen des Ensemble Resonanz, Hamburg<\/p>\n<p>2024 &#8222;Salon pour l&#8217;Eau&#8220; &#8211; darin: Miniaturen f\u00fcr Klarinette und Violine<\/p>\n<p>2023 &#8222;Zeitenl\u00f6cher&#8220; f\u00fcr Sopran und Fagott mit begleitender Viola<\/p>\n<p>2023 &#8222;WetterWarnung&#8220; f\u00fcr r\u00e4umlich agierenden Sopran und Klavier<\/p>\n<p>2023 &#8222;Zwischenr\u00e4ume&#8220; f\u00fcr Streichorchester<\/p>\n<p>2022 &#8222;Salon pour Elisabeth&#8220; Jacquet de la Guerre &#8211; darin: Screaming f\u00fcr Blockfl\u00f6tenquartett<\/p>\n<p>2021 &#8222;Arachne&#8220; f\u00fcr vier Instrumente in r\u00e4umlicher Aufstellung, Ensemble Aventure, UA 31.10.20212021, Baden-Baden<\/p>\n<p>2021 &#8222;Salon pour Pauline&#8220; (zum 200. Geburtstag von Pauline Viardot-Garcia) &#8211; darin: &#8222;Kein Schlaf noch&#8220; f\u00fcr Sopran, Violine und Klavier, UA 9.10.2021, KA<\/p>\n<p>2021 &#8222;Die Freiheit nehm ich mir&#8220; &#8211; Texte und Kompositionen zur Frauen-Freiheit &#8211; mit Rita Fromm &#8211; UA 29.7.2021; Karlsruhe<\/p>\n<p>2021 &#8222;Ins Offene&#8220; f\u00fcr Klarinette, Fagott, Horn &#8211; Beitrag zum gleichnamigen Konzert &#8211; UA 22.6.2021, Freiburg<\/p>\n<p>2019 &#8222;Still-Leben&#8220; f\u00fcr zwei Holzbl\u00e4ser und Soundtrack, Urauff\u00fchrung 29.2.2020, Musen-Tempel, Karlsruhe<\/p>\n<p>2018 Liederzyklus &#8222;Kein Ort&#8220; f\u00fcr Stimme und Schlagzeug, Urauff\u00fchrung Mai 2019, Badische Landesbibliothek Karlsruhe &#8211; GEDOK Karlsruhe<\/p>\n<p>2017 &#8222;Caritas&#8220; f\u00fcr Sopran und historische Blasinstrumente, Urauff\u00fchrung November 2017, Wolfenb\u00fcttel &#8211; Capella de la Torre und Margret Hunter<\/p>\n<p>2017 &#8222;Saggat&#8220; und &#8222;La Vall\u00e9e des Mandailles&#8220; f\u00fcr Holzbl\u00e4ser und Schlagzeug, Urauff\u00fchrung Juni 2017, Freiburg &#8211; Ensemble Aventure, Produktion: SWR Baden-Baden Mai 2017<\/p>\n<p>2014 &#8222;Signum&#8220; f\u00fcr Chor und zwei Schlagzeugerinnen, Urauff\u00fchrung Oktober 2014, Auhausen &#8211; Kantorei Auhausen, Edith Salmen, Schlagzeug<\/p>\n<p>2013 Streichquintett &#8222;Nachklang&#8220;, Urauff\u00fchrung April 2013, Kongress Gestalttheorie, P\u00e4dagogische Hochschule Karlsruhe &#8211; Musiker des SWR-Sinfonieorchesters<\/p>\n<p>2011 &#8222;Musica insabbiata&#8220; f\u00fcr Kontraba\u00df solo, Urauff\u00fchrung Oktober 2013, Zehntscheuer Rottenburg &#8211; Wolfgang G\u00fcttler, Produktion: Rosbaud-Studio des SWR Baden-Baden<\/p>\n<p>2007 Drei St\u00fccke f\u00fcr Posaune und Klavier, Urauff\u00fchrung 2007, Vollmersweiler &#8211; Vitus B\u00f6hler, Posaune, Dorothee Schabert, Klavier; Produktion: Rosbaud-Studio des SWR Baden-Baden<\/p>\n<p>1987 Singspiel &#8222;Der Rattenf\u00e4nger&#8220; f\u00fcr Kinderchor und begleitende Instrumente f\u00fcr Musikschule T\u00fcbingen &#8211; Leitung: Luise Rudnick<\/p>\n<h4>KlangInstallationen \/ Kunstprojekte<\/h4>\n<figure id=\"attachment_257\" aria-describedby=\"caption-attachment-257\" style=\"width: 400px\" class=\"wp-caption alignright\"><img loading=\"lazy\" decoding=\"async\" class=\"wp-image-257\" src=\"https:\/\/dorotheeschabert.de\/wp-content\/uploads\/2019\/12\/9F075344-2DB4-4775-B4AC-D45FA57ACB6D-scaled.jpeg\" alt=\"\" width=\"400\" height=\"267\" srcset=\"https:\/\/dorotheeschabert.de\/wp-content\/uploads\/2019\/12\/9F075344-2DB4-4775-B4AC-D45FA57ACB6D-scaled.jpeg 2560w, https:\/\/dorotheeschabert.de\/wp-content\/uploads\/2019\/12\/9F075344-2DB4-4775-B4AC-D45FA57ACB6D-300x200.jpeg 300w, https:\/\/dorotheeschabert.de\/wp-content\/uploads\/2019\/12\/9F075344-2DB4-4775-B4AC-D45FA57ACB6D-1024x683.jpeg 1024w, https:\/\/dorotheeschabert.de\/wp-content\/uploads\/2019\/12\/9F075344-2DB4-4775-B4AC-D45FA57ACB6D-768x512.jpeg 768w, https:\/\/dorotheeschabert.de\/wp-content\/uploads\/2019\/12\/9F075344-2DB4-4775-B4AC-D45FA57ACB6D-1536x1024.jpeg 1536w, https:\/\/dorotheeschabert.de\/wp-content\/uploads\/2019\/12\/9F075344-2DB4-4775-B4AC-D45FA57ACB6D-2048x1366.jpeg 2048w, https:\/\/dorotheeschabert.de\/wp-content\/uploads\/2019\/12\/9F075344-2DB4-4775-B4AC-D45FA57ACB6D-1200x800.jpeg 1200w\" sizes=\"auto, (max-width: 400px) 85vw, 400px\" \/><figcaption id=\"caption-attachment-257\" class=\"wp-caption-text\">foto: katalin moldvay<\/figcaption><\/figure>\n<p>2020 H\u00f6rst\u00fcck &#8222;LUX 19: Frauenarbeit&#8220;, UA 21.11.2020, Rathaus Grimma<\/p>\n<p>Klanginstallation &#8222;ERDE&#8220;, UA 06.11.2020, GEDOK Karlsruhe<\/p>\n<p>Soundtrack &#8222;Sch\u00f6ne Neue Welt&#8220;, UA September, Phoenix-Theater Rastatt<\/p>\n<p>Klanginstallation &#8222;Lumina &#8211; Anima&#8220; f\u00fcr Luminale Offenbach, UA 13.3.2020 Offenbach<\/p>\n<p>Klanginstallation &#8222;Aquae Aquarum&#8220; f\u00fcr Video-Installation &#8222;Desert Waves&#8220; &#8211; mit Bettina Schroeder,\u00a0UA 7.2.2020 GEDOK-Forum Karlsruhe<\/p>\n<p>2019 Soundtrack &#8222;Natura viva&#8220; f\u00fcr TanzTheater Gabriela Lang, sowie f\u00fcr <a href=\"https:\/\/soundcloud.com\/gedok-karlsruhe-musik\/klima-musiken-konzert-installation\">Konzert &#8222;Klima-Musiken&#8220;<\/a>, Karlsruhe, UA 29.02.2020<\/p>\n<p>2018 &#8222;Hymnen&#8220; f\u00fcr KinderKunst-Schule Baden-Baden<\/p>\n<p>2017 &#8222;Vom Zerbrechen der Glocken&#8220; Krippenspiele, Kunstverein Rottenburg<\/p>\n<p>2016 &#8222;W.U.T.&#8220; f\u00fcr Gabriela Lang (Tanztheater Karlsruhe)<\/p>\n<p>2015 &#8222;Toleranz&#8220; f\u00fcr &#8222;Karlsruhe zeigt Flagge&#8220; &#8211; mit Gabriela Lang<\/p>\n<p>2014 &#8222;Gl\u00e4ut zu Auhausen&#8220; Glockenjubil\u00e4um der Klosterkirche Auhausen<\/p>\n<p>2013 &#8222;Aquae Aquarum&#8220; mit Katalin Moldvay, Kunstverein Rottenburg<\/p>\n<p>2012 &#8222;Glas&#8220; mit Katalin Moldvay, Orgelfabrik Karlsruhe-Durlach<\/p>\n<p>2008 &#8222;Emozionato&#8220; (f\u00fcr Posaune und Klavier) f\u00fcr Tanztheater Karlsruhe<\/p>\n<p>2007 &#8222;Bitte Warten Sie&#8220; f\u00fcr und mit Katalin Moldvay, Dampfbad, Baden-Baden<\/p>\n<p>2006 &#8222;Spiegel&#8220; (nach Friedrich Cerha) f\u00fcr &#8222;begehbares Orchester&#8220; ZKM, Karlsruhe<\/p>\n<p>2005 &#8222;Glas&#8220; f\u00fcr und mit Katalin Moldvay (Bildende Kunst) Haus Reich, Baden-Baden<\/p>\n<h4>Vortr\u00e4ge<\/h4>\n<p>2023 &#8222;Raum&#8220; als kompositorische Kategorie und seine mediale Pr\u00e4sentation am Beispielen aus Luigi Nonos Prometeo<b><\/b><b><\/b><\/p>\n<p>2020 Statements und Artikel zu &#8222;Musik und Klima&#8220; im Rahmen von \u00a0Vernissage, Konzert und Finissage der &#8222;Kunstwochen Klimaschutz&#8220; der GEDOK Karlsruhe<\/p>\n<p>2017 &#8222;Aufnahmen von Gustav Mahlers Symphonien&#8220;, Radio Sverige Stockholm<\/p>\n<p>2016 &#8222;Zu \u00e4sthetischen Fragen der Aufzeichnung von Luigi Nono&#8217;s elektro-akustischen Werken&#8220;, Utopian Listening Conference on Luigi Nono, Boston.<\/p>\n<p>2014 &#8222;Darstellung von Surroundaufnahmen&#8220;, Verband Deutscher Tonmeister<\/p>\n<h4>Frauenportraits<\/h4>\n<p>2019 &#8222;Wegbereiterinnen&#8220; &#8211; Konzeption und Texte zu Portraits zweier Autorinnen der Fr\u00fchen Neuzeit in Musik und Lesung mit Capella de la Torre und Ulrike Krumbiegel (Regie: Iris Dr\u00f6gekamp) bei den Schwetzinger SWR-Festspielen<\/p>\n<h4>T\u00e4tigkeiten<\/h4>\n<figure id=\"attachment_263\" aria-describedby=\"caption-attachment-263\" style=\"width: 400px\" class=\"wp-caption alignright\"><img loading=\"lazy\" decoding=\"async\" class=\"wp-image-263\" src=\"https:\/\/dorotheeschabert.de\/wp-content\/uploads\/2019\/12\/6D06D1F4-09A5-4BEB-BC3B-18D9F1B80769-scaled.jpeg\" alt=\"\" width=\"400\" height=\"267\" srcset=\"https:\/\/dorotheeschabert.de\/wp-content\/uploads\/2019\/12\/6D06D1F4-09A5-4BEB-BC3B-18D9F1B80769-scaled.jpeg 2560w, https:\/\/dorotheeschabert.de\/wp-content\/uploads\/2019\/12\/6D06D1F4-09A5-4BEB-BC3B-18D9F1B80769-300x200.jpeg 300w, https:\/\/dorotheeschabert.de\/wp-content\/uploads\/2019\/12\/6D06D1F4-09A5-4BEB-BC3B-18D9F1B80769-1024x683.jpeg 1024w, https:\/\/dorotheeschabert.de\/wp-content\/uploads\/2019\/12\/6D06D1F4-09A5-4BEB-BC3B-18D9F1B80769-768x512.jpeg 768w, https:\/\/dorotheeschabert.de\/wp-content\/uploads\/2019\/12\/6D06D1F4-09A5-4BEB-BC3B-18D9F1B80769-1536x1024.jpeg 1536w, https:\/\/dorotheeschabert.de\/wp-content\/uploads\/2019\/12\/6D06D1F4-09A5-4BEB-BC3B-18D9F1B80769-2048x1365.jpeg 2048w, https:\/\/dorotheeschabert.de\/wp-content\/uploads\/2019\/12\/6D06D1F4-09A5-4BEB-BC3B-18D9F1B80769-1200x800.jpeg 1200w\" sizes=\"auto, (max-width: 400px) 85vw, 400px\" \/><figcaption id=\"caption-attachment-263\" class=\"wp-caption-text\">Probe mit dem SWR-Sinfonieorchester im Studio Berg, Stuttgart 2015 (eigenes Foto)<\/figcaption><\/figure>\n<p>Freiberufliche T\u00e4tigkeit als Komponistin und Autorin<\/p>\n<p>1987\u20132017 Tonmeisterin f\u00fcr den SWF T\u00fcbingen, sp\u00e4ter SWF\/SWR Baden-Baden<\/p>\n<p>Seit 1986 Freiberufliche Arbeit als Tonmeisterin f\u00fcr EuropaChorAkademie, Philharmonie de Luxembourg, Babette Dorn und Dorothea Craxton, und andere.<\/p>\n<p>Seit 1987 Auftritte als Cembalistin und Pianistin u.a. mit Mitgliedern des SWR-Sinfonieorchesters, Trio mit Luise Rudnick, Blockfl\u00f6ten und weiteren Musikern, Liedbegleitung Julia Spaeth<\/p>\n<h4>Ausbildung<\/h4>\n<p>1979\u201385 Studium der Tonmeisterei an der Hochschule der K\u00fcnste Berlin. Tonsatz, Komposition und Kontrapunkt bei Frank Michael Beyer und Helmut Barbe, Mario Bertoncini.<\/p>\n<p>1971\u201377 Studium der Geschichte und Germanistik an der Universit\u00e4t Freiburg<\/p>\n\n<div class=\"wp-block-image is-style-default\">\n<figure class=\"aligncenter size-large\"><img loading=\"lazy\" decoding=\"async\" width=\"1024\" height=\"684\" src=\"https:\/\/dorotheeschabert.de\/wp-content\/uploads\/2021\/06\/Dorothee-16-1024x684.jpg\" alt=\"\" class=\"wp-image-495\" srcset=\"https:\/\/dorotheeschabert.de\/wp-content\/uploads\/2021\/06\/Dorothee-16-1024x684.jpg 1024w, https:\/\/dorotheeschabert.de\/wp-content\/uploads\/2021\/06\/Dorothee-16-300x200.jpg 300w, https:\/\/dorotheeschabert.de\/wp-content\/uploads\/2021\/06\/Dorothee-16-768x513.jpg 768w, https:\/\/dorotheeschabert.de\/wp-content\/uploads\/2021\/06\/Dorothee-16-1536x1025.jpg 1536w, https:\/\/dorotheeschabert.de\/wp-content\/uploads\/2021\/06\/Dorothee-16-2048x1367.jpg 2048w, https:\/\/dorotheeschabert.de\/wp-content\/uploads\/2021\/06\/Dorothee-16-1200x801.jpg 1200w\" sizes=\"auto, (max-width: 709px) 85vw, (max-width: 909px) 67vw, (max-width: 1362px) 62vw, 840px\" \/><figcaption class=\"wp-element-caption\">Foto: Constanze Zacharias<\/figcaption><\/figure>\n<\/div>\n\n\n<p><\/p>\n\n\n\n<p><\/p>\n","protected":false},"excerpt":{"rendered":"<p>Foto: Bernd Hentschel F\u00f6rderungen 2027 Residenz Skagastr\u00f6nd, Island Okt. 2026 Kunsthaus Stove 2025 Residenz Kunststiftung Schlo\u00df Wiepersdorf 2025 Mai Arbeitsaufenthalt MaxHaus Nordhalben 2024 April Arbeitsaufenthalt MaxHaus Nordhalben 2020 Stipendiatin Dt. Akademie Villa Massimo, Casa Baldi Olevano 2019 K\u00fcnstlerin LUX19: Frauenarbeit, Leipzig 2004 Arbeitswoche im Experimentalstudio des SWR, Freiburg Kompositionsauftr\u00e4ge UND aUFF\u00dcHRUNGEN 2025 &#8222;AugenZauber&#8220; Ensemble Svolian &hellip; <a href=\"https:\/\/dorotheeschabert.de\/?page_id=29\" class=\"more-link\"><span class=\"screen-reader-text\">\u201ebiografie\u201c <\/span>weiterlesen<\/a><\/p>\n","protected":false},"author":1,"featured_media":0,"parent":0,"menu_order":0,"comment_status":"closed","ping_status":"closed","template":"","meta":{"footnotes":""},"class_list":["post-29","page","type-page","status-publish","hentry"],"_links":{"self":[{"href":"https:\/\/dorotheeschabert.de\/index.php?rest_route=\/wp\/v2\/pages\/29","targetHints":{"allow":["GET"]}}],"collection":[{"href":"https:\/\/dorotheeschabert.de\/index.php?rest_route=\/wp\/v2\/pages"}],"about":[{"href":"https:\/\/dorotheeschabert.de\/index.php?rest_route=\/wp\/v2\/types\/page"}],"author":[{"embeddable":true,"href":"https:\/\/dorotheeschabert.de\/index.php?rest_route=\/wp\/v2\/users\/1"}],"replies":[{"embeddable":true,"href":"https:\/\/dorotheeschabert.de\/index.php?rest_route=%2Fwp%2Fv2%2Fcomments&post=29"}],"version-history":[{"count":57,"href":"https:\/\/dorotheeschabert.de\/index.php?rest_route=\/wp\/v2\/pages\/29\/revisions"}],"predecessor-version":[{"id":805,"href":"https:\/\/dorotheeschabert.de\/index.php?rest_route=\/wp\/v2\/pages\/29\/revisions\/805"}],"wp:attachment":[{"href":"https:\/\/dorotheeschabert.de\/index.php?rest_route=%2Fwp%2Fv2%2Fmedia&parent=29"}],"curies":[{"name":"wp","href":"https:\/\/api.w.org\/{rel}","templated":true}]}}